*3. Calculate m(s).
11
Let y(h) = -9*h**3 - 2*h**2 + 1. Suppose -i + 3 = 4*z, -2*i - i - 4*z = -1. Give y(i).
8
Let n(f) = 4*f**3 - 3*f - 7*f**2 - 3*f**3 + 4*f**2. Let t be n(4). Let s(p) = -p**3 + 5*p**2 - 4*p - 2. Calculate s(t).
-2
Let h(o) = -8*o**2 - o**3 - 17*o**2 + 8 - 6*o + 18*o**2. What is h(-6)?
8
Let t(s) = -s + 4. Let q(z) = z + 8. Let n be q(0). Suppose n*c = 3*c. What is t(c)?
4
Let b(v) = 11*v**2 + 2*v + 1. Let d(k) = 45*k**2 + 8*k + 5. Let i(z) = -9*b(z) + 2*d(z). Let n = -1 - -2. What is i(n)?
-10
Let d(j) = j**3 - j**2 - j. Let h(f) = 1 + 3*f**2 - 2*f - 7*f**2 + 2*f**2. Let c = 4 - 5. Let a(g) = c*d(g) - h(g). What is a(4)?
-5
Suppose 13*i - 8*i = 15. Let d(q) = -2*q**3 + 3*q**2 + 4*q + 1. What is d(i)?
-14
Let y(f) be the third derivative of f**8/3360 - f**7/840 + f**6/360 - f**5/60 + f**4/6 + 5*f**2. Let r(b) be the second derivative of y(b). Calculate r(2).
6
Let l(s) = -s**2 - 6*s - 6. Suppose 4*m = -m - 25. Calculate l(m).
-1
Let o(h) be the second derivative of h**3/3 - 5*h**2/2 - 15*h. Calculate o(5).
5
Let d(p) = -1. Let f(i) = -i + 5. Let a(g) = -3*d(g) - f(g). Give a(1).
-1
Let n(c) = c**3 - 2*c**2 + 1. Suppose 2*a - 4 = -12. Let x = a - -9. Suppose x*i + 23 = k, -5*k + 3*i = -k - 24. Determine n(k).
10
Let b(c) be the first derivative of -7/6*c**3 - 1/24*c**4 + 1/2*c**2 + 0*c - 2. Let p(k) be the second derivative of b(k). Determine p(-6).
-1
Let f be (-2)/(-4) - 3/(-6). Let a(g) = -4*g**2 - 4*g + f - g**3 + 4*g**2 + 5*g**2. Let x = 11 - 7. Calculate a(x).
1
Let u(v) = v - 7. Let g(t) = 2*t - 13. Let s(q) = -6*g(q) + 13*u(q). Calculate s(11).
-2
Suppose 138*b + 16 = 134*b. Let o(a) = -a**3 - 4*a**2 + 2*a - 1. What is o(b)?
-9
Let m(l) = l**2 + 3*l + 1. Suppose -9 = 4*u + 7. Let f be m(u). Let t(i) = 2*i - 7. Determine t(f).
3
Let f = -51 - -46. Let l(v) = -v**2 - 7*v - 2. Determine l(f).
8
Let m(i) = i**3 + i + 2. Let d be -2*(-2 - (-1)/2). Let u = 14 - 19. Let q = d + u. What is m(q)?
-8
Let u(q) = -q**3 - 4*q**2 + 4*q - 4. Let k be u(-5). Let f(y) = -k - 3 + y**3 - 1 + 7*y**2 + 5*y. What is f(-6)?
1
Let s(h) = h - 2. Suppose 2*w + 0*w = -j - 9, -4*j - 4*w = 24. Let y(x) = x**2 + x**3 - 4 + 3*x**2 + 0*x**3 + 3 + 2*x. Let c be y(j). Calculate s(c).
0
Let u(q) be the first derivative of 0*q**2 + 1/40*q**5 + 1/24*q**4 + 0*q + 4/3*q**3 - 1. Let o(i) be the third derivative of u(i). Calculate o(1).
4
Let m(z) = 4*z**2 - 9*z - 5. Let w(y) = -3*y**2 + 8*y + 4. Let b(x) = 4*m(x) + 5*w(x). Let h be (1/3)/((-2)/(-18)). Let c be (-1 + -3)/(h + -2). Determine b(c).
0
Let l(s) = -6 - 5*s - 4*s**3 + 2*s**3 + 3*s**3 + 4*s**2. Let q = 40 - 45. What is l(q)?
-6
Let v(b) = -b + 4. Suppose -4*z - 27 = 1. What is v(z)?
11
Suppose 16 = 5*j - 9*j. Let o(u) = -4*u**2 + 22*u + 12. Let l(p) = -p**2 + 7*p + 4. Let t(r) = 7*l(r) - 2*o(r). Determine t(j).
0
Let l(h) = h**3 - 4*h**2 + 3*h. Let x be 19/3 + 4/6. Let u = 50 + -50. Suppose -5*b + 18 = -g, u = 3*g + 2*b - x - 7. What is l(g)?
-2
Let o(t) = 2*t - 6. Let x be o(5). Suppose 0*j + 12 = x*j. Let s(a) = 2*a**2 - 4*a - 1. Calculate s(j).
5
Suppose -r = 2*r. Let c(o) = o + 6. Let y be c(-4). Let h(b) = -b**y + 3*b + r*b + 2*b - 6*b + 3. What is h(0)?
3
Let c = -11 - -15. Let m(x) be the third derivative of 1/15*x**5 + 0*x - 1/12*x**c + 0 - 2*x**2 + 0*x**3 - 1/60*x**6. Calculate m(2).
-4
Let n(d) be the third derivative of 0 + 1/15*d**5 + 5/6*d**3 + 0*d**4 + 8*d**2 + 0*d - 1/120*d**6. Determine n(4).
5
Let r(k) be the second derivative of -k**4/12 - k**3/2 + 5*k**2/2 + 4*k. Give r(-5).
-5
Let q(a) be the first derivative of -a**3/3 + 3*a**2 - 7. Let c = -21 + 30. Suppose 0 = r - 4*r + c. Give q(r).
9
Let z(f) = f**3 - 2*f**2 - 2*f + 1. Let w be ((-15)/(-75))/(1/10). Determine z(w).
-3
Let b be -6*(-1 - (-20)/24). Let z(a) = -a + 1. What is z(b)?
0
Suppose 2*j = j + 2. Let x(m) = -2*m**2 - 3*m + 2. Give x(j).
-12
Let p be ((-12)/(-18))/(3/(-9)). Let u(t) = -2*t**2 - 2*t. What is u(p)?
-4
Let i(x) = -x - 1. Let y be i(-1). Suppose y*z - 2*a = z - 5, -4*a = -8. Let k = z + 0. Let j(q) = -4*q**3 - 2*q + 1. Give j(k).
-5
Let s(v) = -2*v**3 + 3*v**2 - 2*v. Suppose 18 = 2*i + 3*h, h + 2*h - 9 = -i. Suppose i = 5*a - 1. Calculate s(a).
-8
Let d(g) = g**3 - 4*g**2 + g. Suppose -5*u + 4*k + 42 = 15, 2*k + 6 = 0. Determine d(u).
-6
Let h(t) = -4*t + 4. Let a be h(2). Let u(n) = n**3 + 5*n**2 + 4*n + 6. Calculate u(a).
6
Let k be 16/20*(-15)/(-6). Let m(t) = -3*t**3 - 37*t - t**k - 10 + 2*t**3 + 38*t. Calculate m(0).
-10
Let x be (-2)/(-3)*18/4. Let o(t) = -3 - 3*t - 8*t**2 - 5*t + 3*t + t**3. Let q(v) = -v**2 - v - 1. Let j(z) = -o(z) + 5*q(z). What is j(x)?
-2
Let t(z) = 2*z**2 + 2*z + 2. Let w = 9 - 4. Suppose w*i + 1 = -9. Let x be i + 0*(-1)/2. Determine t(x).
6
Let g be (2 - 3) + 0 - -4. Let j(f) = -3*f + 4. Give j(g).
-5
Let y(w) be the second derivative of -w**8/6720 - w**6/360 - 5*w**4/12 - 3*w. Let r(v) be the third derivative of y(v). Calculate r(2).
-12
Let n(z) = -2*z - 10. Let d be n(-7). Let q(t) = d*t**2 - 3*t**2 + 10 - 4. What is q(0)?
6
Let w be -1 - (32/(-12) + 1). Let m(y) be the second derivative of 1/12*y**4 + 0 + 1/10*y**5 - 3/2*y**2 - w*y**3 + 2*y. Calculate m(-2).
-7
Suppose -9 = 2*t + t. Let v(q) = -q**3 - 3*q**2 + 3*q. Calculate v(t).
-9
Let y(j) = j**3 + 8*j**2 - 9*j + 2. Let s be y(-9). Let x be (-1)/(s*(-3)/30). Let d(v) = -v**3 + 6*v**2 - 6*v + 3. Calculate d(x).
-2
Let d(w) = -w**2 + 8*w + 9. Let x(h) = -h**2 + 1. Let p(n) = d(n) - 2*x(n). Let k = 15 - 11. Suppose -5*y + 3*g = 25, -3*y + 2*y - k*g - 5 = 0. Calculate p(y).
-8
Let l(p) = 7*p**2 - 7 + 258*p**3 - 2*p - 257*p**3 + 4. What is l(-7)?
11
Let d(m) = -10*m. Let c be d(-1). Let z be ((-16)/c)/((-2)/5). Let a(y) = -y**3 + 3*y**2 + 3*y. Give a(z).
-4
Let d(s) = 6*s + 55*s**3 + 1 - s - 56*s**3 - 4*s**2. Determine d(-5).
1
Suppose v + 12 = 5*v. Let f(p) = v - 3 - 7*p + 3*p. Calculate f(3).
-12
Let w(g) = 2 + 0 - 4 - g. Let j = -4 - -6. Calculate w(j).
-4
Suppose 2*k + 0*k = -3*k. Let u(i) be the second derivative of -i**4/12 - i**3/6 - 7*i**2/2 - 3*i. Determine u(k).
-7
Let m(t) = -t**2 + 10*t - 1. Suppose -8 = -5*r + l + 47, 3*r - 2*l - 40 = 0. Calculate m(r).
-1
Let f(l) = -l**3 + 3*l**2 + 4*l + 1. Let w be f(4). Let j(u) = 8*u**2 + u. What is j(w)?
9
Let d(t) = -3*t**3 + 2*t**2 + t + 3. Let g(m) = 7*m**3 - 3*m**2 - 2*m - 5. Let z(c) = 5*d(c) + 3*g(c). Determine z(1).
6
Suppose -2*y = -2*a + 5*a - 16, -11 = 2*a - 3*y. Let r(n) = 11*n**2 - 8*n**2 + 4 - 2*n**2 - a*n - 3*n**2. Determine r(-3).
-8
Let x(b) = 3*b + 1. Let p(m) = m**2 + 6*m + 3. Suppose 5*f + 2 = -4*c - 3, 2*c = -4*f - 10. Let u(d) = c*x(d) - 2*p(d). What is u(2)?
-3
Let x(y) = -y**3 - 2*y**2 + 4*y. Let d be -2 - (-3)/(-2 + -1). Determine x(d).
-3
Let q(y) = -y**3 - 8*y**2. Let i be q(-8). Let b(m) = m**2 + 6. Determine b(i).
6
Let i(y) be the second derivative of -y**3/3 - 3*y. Let r = -5 - -2. Give i(r).
6
Let b(n) = -n**3 + 6*n**2 - 4*n - 2. Let y(v) = 4 + 0*v + 2*v + 1 + v**2 - 3*v. Let z be y(0). Determine b(z).
3
Suppose 5*c + 12 = b, 0 = -2*b + 3*c + 2*c + 9. Let k(p) = -6*p**3 - 6*p**3 + 4 - 3*p**2 + 11*p**3. Give k(b).
4
Suppose 30 = 2*c + 4*u, -4*c - 5*u + 10 = -7*c. Let z(g) = -7*g + c - g**3 + 3*g - 1 - 6*g**2. Suppose 0 = n - 3*n + 2*v, 40 = -4*n - 4*v. Give z(n).
-1
Let b = 7 - 3. Let s(i) = -2*i**2 + 1 - 1 - b*i + 2*i + 2. Determine s(-2).
-2
Let s(b) be the third derivative of b**6/120 + b**5/30 - b**4/12 - 8*b**2. Give s(-3).
-3
Let x(t) = -t + 3. Let p(q) = q**3 + 9*q**2 - 11*q + 2. Let l be p(-10). Let b = l - 7. Give x(b).
-2
Let i(n) = 0*n + 3 - 11*n + 10*n. Determine i(-4).
7
Let a(w) be the third derivative of 1/24*w**4 + 7/6*w**3 + 0 - 1/60*w**5 + 1/120*w**6 + 0*w - 2*w**2. Give a(0).
7
Let p(w) = -1 - w + w**2 - 4*w**2 + 2*w**2 - 6*w**2. Suppose 6 = -5*b + 1. What is p(b)?
-7
Let o(k) = 15*k**3 + 4*k**2 + 5*k - 4. Let s(u) = -14*u**3 - 3*u**2 - 4*u + 3. Let b(z) = 4*o(z) + 5*s(z). Suppose 16 = 2*n + 18. What is b(n)?
10
Suppose 4*p + 29 = -11. Let s = 16 + p. Let v(b) = b - 4. What is v(s)?
2
Let q(j) = -5*j**3 + 2*j**2 - 2*j + 1. Let g be q(1). Let a(o) = 8*o - 3 - 6*o + o**2 + 2*o. Calculate a(g).
-3
Suppose 5*y = 4*t + 32, 2*y = -4*t - 4 - 0. Let c be (t/(-6))/(2/8). Let g(r) be the third derivative of r**6/60 - r**5/20 + 